{"id":768986,"date":"2026-02-23T13:32:29","date_gmt":"2026-02-23T12:32:29","guid":{"rendered":"https:\/\/www.test.ginzinger.bike\/?product=skate-50"},"modified":"2026-02-23T13:32:29","modified_gmt":"2026-02-23T12:32:29","slug":"skate-50","status":"publish","type":"product","link":"https:\/\/www.test.ginzinger.bike\/?product=skate-50","title":{"rendered":"SKATE 50"},"content":{"rendered":"<p>Dein erstes Motorraderlebnis wird Dir f\u00fcr immer in Erinnerung bleiben! SKATE 50 ist das Motard , das Dir den Einstieg in die VENT-Welt erm\u00f6glicht, um unabh\u00e4ngig zu sein und Spa\u00df in v\u00f6lliger Sicherheit zu haben. Mit einem einzigartigen Stil und \u00fcberlegener echter Motard-Leistung.  Der fortschrittlichste Minarelli 50 cc 2T-Motor der neuesten Generation, der einzigartige, von Cross-Bikes abgeleitete Perimeterrahmen und das leistungsstarke Bremssystem positionieren SKATE 50 in Bezug auf Qualit\u00e4t, Wert, Zuverl\u00e4ssigkeit und Sicherheit an der Spitze seines Segments.<\/p>\n","protected":false},"excerpt":{"rendered":"<p>SKATE 50: Kompakte On-Road Mobilit\u00e4t<\/p>\n","protected":false},"featured_media":617971,"comment_status":"closed","ping_status":"open","template":"","meta":{"_acf_changed":false},"product_brand":[328],"product_cat":[290,333,155],"product_tag":[618],"class_list":{"0":"post-768986","1":"product","2":"type-product","3":"status-publish","4":"has-post-thumbnail","6":"product_brand-vent","7":"product_cat-nm","8":"product_cat-vent","9":"product_cat-zweirad","10":"product_tag-ventsupermoto","11":"pa_biketyp-supermoto","12":"pa_hubraumklasse-0-bis-50","13":"pa_kw-klasse-0-bis-11","14":"pa_zustand-nm","16":"first","17":"instock","18":"sale","19":"product-type-simple"},"acf":[],"_links":{"self":[{"href":"https:\/\/www.test.ginzinger.bike\/index.php?rest_route=\/wp\/v2\/product\/768986","targetHints":{"allow":["GET"]}}],"collection":[{"href":"https:\/\/www.test.ginzinger.bike\/index.php?rest_route=\/wp\/v2\/product"}],"about":[{"href":"https:\/\/www.test.ginzinger.bike\/index.php?rest_route=\/wp\/v2\/types\/product"}],"replies":[{"embeddable":true,"href":"https:\/\/www.test.ginzinger.bike\/index.php?rest_route=%2Fwp%2Fv2%2Fcomments&post=768986"}],"wp:featuredmedia":[{"embeddable":true,"href":"https:\/\/www.test.ginzinger.bike\/index.php?rest_route=\/wp\/v2\/media\/617971"}],"wp:attachment":[{"href":"https:\/\/www.test.ginzinger.bike\/index.php?rest_route=%2Fwp%2Fv2%2Fmedia&parent=768986"}],"wp:term":[{"taxonomy":"product_brand","embeddable":true,"href":"https:\/\/www.test.ginzinger.bike\/index.php?rest_route=%2Fwp%2Fv2%2Fproduct_brand&post=768986"},{"taxonomy":"product_cat","embeddable":true,"href":"https:\/\/www.test.ginzinger.bike\/index.php?rest_route=%2Fwp%2Fv2%2Fproduct_cat&post=768986"},{"taxonomy":"product_tag","embeddable":true,"href":"https:\/\/www.test.ginzinger.bike\/index.php?rest_route=%2Fwp%2Fv2%2Fproduct_tag&post=768986"}],"curies":[{"name":"wp","href":"https:\/\/api.w.org\/{rel}","templated":true}]}}