{"id":22827,"date":"2025-12-03T16:09:15","date_gmt":"2025-12-03T15:09:15","guid":{"rendered":"https:\/\/www.test.ginzinger.bike\/?post_type=product&#038;p=22827"},"modified":"2025-12-04T16:08:12","modified_gmt":"2025-12-04T15:08:12","slug":"x-cape-1200","status":"publish","type":"product","link":"https:\/\/www.test.ginzinger.bike\/?product=x-cape-1200","title":{"rendered":"X-CAPE 1200"},"content":{"rendered":"<div class=\"MuiDataGrid-cell MuiDataGrid-cell--textLeft MuiDataGrid-cell--withRightBorder\" tabindex=\"0\" role=\"gridcell\" data-field=\"Beschreibung\" data-colindex=\"3\" aria-colindex=\"4\" aria-colspan=\"1\" aria-rowspan=\"1\">\n<div class=\"sc-iUEFol hldtZj\">\n<div class=\"sc-bQyhWw hzyuhe\">\n<div class=\"sc-iuhuvJ eyXArb\">\n<p>Der Abenteuergeist von Moto Morini wird in der X-CAPE 1200 verk\u00f6rpert, einem Tourenmotorrad mit starkem Charakter, perfekt f\u00fcr alle, die ihrem Reisedrang in jeder Situation nachgehen m\u00f6chten. Dieses Adventure-Bike wird vom V2 Corsa Corta EVO-Motor mit 125 PS und robustem Drehmoment angetrieben und sorgt selbst bei niedrigen Drehzahlen f\u00fcr eine gleichm\u00e4\u00dfige Leistung. Eine Mischung aus Leistung und Kontrolle, fortschrittlicher Technologie und erstklassigen Komponenten. Alles auf Sicherheit und Fahrspa\u00df ausgelegt.<\/p>\n<\/div>\n<\/div>\n<\/div>\n<\/div>\n","protected":false},"excerpt":{"rendered":"<div class=\"MuiDataGrid-cell MuiDataGrid-cell--textLeft MuiDataGrid-cell--withRightBorder\" tabindex=\"0\" role=\"gridcell\" data-field=\"Beschreibung\" data-colindex=\"3\" aria-colindex=\"4\" aria-colspan=\"1\" aria-rowspan=\"1\">\n<div class=\"sc-iUEFol hldtZj\">\n<div class=\"sc-bQyhWw hzyuhe\">\n<div class=\"sc-iuhuvJ eyXArb\">\n<p>Der Abenteuergeist von Moto Morini wird in der X-CAPE 1200 verk\u00f6rpert, einem Tourenmotorrad mit starkem Charakter, perfekt f\u00fcr alle, die ihrem Reisedrang in jeder Situation nachgehen m\u00f6chten. Dieses Adventure-Bike wird vom V2 Corsa Corta EVO-Motor mit 125 PS und robustem Drehmoment angetrieben und sorgt selbst bei niedrigen Drehzahlen f\u00fcr eine gleichm\u00e4\u00dfige Leistung. Eine Mischung aus Leistung und Kontrolle, fortschrittlicher Technologie und erstklassigen Komponenten. Alles auf Sicherheit und Fahrspa\u00df ausgelegt.<\/p>\n<\/div>\n<\/div>\n<\/div>\n<\/div>\n<div class=\"MuiDataGrid-cell MuiDataGrid-cell--textLeft MuiDataGrid-cell--withRightBorder\" tabindex=\"-1\" role=\"gridcell\" data-field=\"Farbe\" data-colindex=\"4\" aria-colindex=\"5\" aria-colspan=\"1\" aria-rowspan=\"1\">\n<div class=\"sc-iUEFol hldtZj\">\n<div class=\"sc-bQyhWw hzyuhe\">\n<div class=\"sc-iuhuvJ eyXArb\"><\/div>\n<\/div>\n<\/div>\n<\/div>\n","protected":false},"featured_media":23321,"comment_status":"open","ping_status":"closed","template":"","meta":{"_acf_changed":false},"product_brand":[243],"product_cat":[240,155],"product_tag":[],"class_list":{"0":"post-22827","1":"product","2":"type-product","3":"status-publish","4":"has-post-thumbnail","6":"product_brand-moto-morini","7":"product_cat-moto-morini","8":"product_cat-zweirad","10":"first","11":"instock","12":"taxable","13":"shipping-taxable","14":"product-type-variable","15":"has-default-attributes"},"acf":[],"_links":{"self":[{"href":"https:\/\/www.test.ginzinger.bike\/index.php?rest_route=\/wp\/v2\/product\/22827","targetHints":{"allow":["GET"]}}],"collection":[{"href":"https:\/\/www.test.ginzinger.bike\/index.php?rest_route=\/wp\/v2\/product"}],"about":[{"href":"https:\/\/www.test.ginzinger.bike\/index.php?rest_route=\/wp\/v2\/types\/product"}],"replies":[{"embeddable":true,"href":"https:\/\/www.test.ginzinger.bike\/index.php?rest_route=%2Fwp%2Fv2%2Fcomments&post=22827"}],"wp:featuredmedia":[{"embeddable":true,"href":"https:\/\/www.test.ginzinger.bike\/index.php?rest_route=\/wp\/v2\/media\/23321"}],"wp:attachment":[{"href":"https:\/\/www.test.ginzinger.bike\/index.php?rest_route=%2Fwp%2Fv2%2Fmedia&parent=22827"}],"wp:term":[{"taxonomy":"product_brand","embeddable":true,"href":"https:\/\/www.test.ginzinger.bike\/index.php?rest_route=%2Fwp%2Fv2%2Fproduct_brand&post=22827"},{"taxonomy":"product_cat","embeddable":true,"href":"https:\/\/www.test.ginzinger.bike\/index.php?rest_route=%2Fwp%2Fv2%2Fproduct_cat&post=22827"},{"taxonomy":"product_tag","embeddable":true,"href":"https:\/\/www.test.ginzinger.bike\/index.php?rest_route=%2Fwp%2Fv2%2Fproduct_tag&post=22827"}],"curies":[{"name":"wp","href":"https:\/\/api.w.org\/{rel}","templated":true}]}}